{"id":11,"date":"2016-03-10T15:52:49","date_gmt":"2016-03-10T15:52:49","guid":{"rendered":"http:\/\/www.les-travers-du-vent.ch\/?p=11"},"modified":"2020-11-30T15:45:07","modified_gmt":"2020-11-30T15:45:07","slug":"contact","status":"publish","type":"page","link":"https:\/\/www.les-travers-du-vent.ch\/index.php\/contact\/","title":{"rendered":"Contact"},"content":{"rendered":"<p>N&rsquo;h\u00e9sitez pas \u00e0 nous contacter pour toute question:<\/p>\n<p>Association Les Travers du Vent<br \/>\nThierry Ray, pr\u00e9sident<br \/>\nRue des Cottages 7<br \/>\n2114 Fleurier<\/p>\n<p>T\u00e9l. 032 861 46 74<br \/>\nPar email : <a href=\"mailto:info@les-travers-du-vent.ch\" target=\"_blank\" rel=\"noopener noreferrer\">info@les-travers-du-vent.ch<\/a><\/p>\n","protected":false},"excerpt":{"rendered":"<p>N&rsquo;h\u00e9sitez pas \u00e0 nous contacter pour toute question: Association Les Travers du Vent Thierry Ray, pr\u00e9sident Rue des Cottages 7 2114 Fleurier T\u00e9l. 032 861 46 74 Par email : info@les-travers-du-vent.ch<\/p>\n","protected":false},"author":1,"featured_media":0,"parent":0,"menu_order":0,"comment_status":"open","ping_status":"open","template":"","meta":{"footnotes":""},"class_list":["post-11","page","type-page","status-publish","hentry"],"_links":{"self":[{"href":"https:\/\/www.les-travers-du-vent.ch\/index.php\/wp-json\/wp\/v2\/pages\/11","targetHints":{"allow":["GET"]}}],"collection":[{"href":"https:\/\/www.les-travers-du-vent.ch\/index.php\/wp-json\/wp\/v2\/pages"}],"about":[{"href":"https:\/\/www.les-travers-du-vent.ch\/index.php\/wp-json\/wp\/v2\/types\/page"}],"author":[{"embeddable":true,"href":"https:\/\/www.les-travers-du-vent.ch\/index.php\/wp-json\/wp\/v2\/users\/1"}],"replies":[{"embeddable":true,"href":"https:\/\/www.les-travers-du-vent.ch\/index.php\/wp-json\/wp\/v2\/comments?post=11"}],"version-history":[{"count":9,"href":"https:\/\/www.les-travers-du-vent.ch\/index.php\/wp-json\/wp\/v2\/pages\/11\/revisions"}],"predecessor-version":[{"id":761,"href":"https:\/\/www.les-travers-du-vent.ch\/index.php\/wp-json\/wp\/v2\/pages\/11\/revisions\/761"}],"wp:attachment":[{"href":"https:\/\/www.les-travers-du-vent.ch\/index.php\/wp-json\/wp\/v2\/media?parent=11"}],"curies":[{"name":"wp","href":"https:\/\/api.w.org\/{rel}","templated":true}]}}

<p>N&rsquo;hésitez pas à nous contacter pour toute question:</p>
<p>Association Les Travers du Vent<br />
Thierry Ray, président<br />
Rue des Cottages 7<br />
2114 Fleurier</p>
<p>Tél. 032 861 46 74<br />
Par email : <a href="mailto:info@les-travers-du-vent.ch" target="_blank" rel="noopener noreferrer">info@les-travers-du-vent.ch</a></p>

<p>N&rsquo;hésitez pas à nous contacter pour toute question: Association Les Travers du Vent Thierry Ray, président Rue des Cottages 7 2114 Fleurier Tél. 032 861 46 74 Par email : info@les-travers-du-vent.ch</p>
