{"id":13,"date":"2016-03-10T15:52:32","date_gmt":"2016-03-10T15:52:32","guid":{"rendered":"http:\/\/www.les-travers-du-vent.ch\/?p=13"},"modified":"2024-04-19T05:07:48","modified_gmt":"2024-04-19T05:07:48","slug":"comite","status":"publish","type":"page","link":"https:\/\/www.les-travers-du-vent.ch\/index.php\/comite\/","title":{"rendered":"Comit\u00e9"},"content":{"rendered":"<p>Comit\u00e9:<\/p>\n<p>Pr\u00e9sident: Thierry Ray<br \/>\nSecr\u00e9taire: Alain Stoller<br \/>\nTr\u00e9sori\u00e8re: Marie-France Perrin<br \/>\nAssesseur:\u00a0 Michel Fior<\/p>\n<p>Pour joindre le comit\u00e9 : <a href=\"mailto:info@les-travers-du-vent.ch\" target=\"_blank\" rel=\"noopener\"><strong>info@les-travers-du-vent.ch<\/strong><\/a><\/p>\n","protected":false},"excerpt":{"rendered":"<p>Comit\u00e9: Pr\u00e9sident: Thierry Ray Secr\u00e9taire: Alain Stoller Tr\u00e9sori\u00e8re: Marie-France Perrin Assesseur:\u00a0 Michel Fior Pour joindre le comit\u00e9 : info@les-travers-du-vent.ch<\/p>\n","protected":false},"author":1,"featured_media":0,"parent":0,"menu_order":0,"comment_status":"open","ping_status":"open","template":"","meta":{"footnotes":""},"class_list":["post-13","page","type-page","status-publish","hentry"],"_links":{"self":[{"href":"https:\/\/www.les-travers-du-vent.ch\/index.php\/wp-json\/wp\/v2\/pages\/13","targetHints":{"allow":["GET"]}}],"collection":[{"href":"https:\/\/www.les-travers-du-vent.ch\/index.php\/wp-json\/wp\/v2\/pages"}],"about":[{"href":"https:\/\/www.les-travers-du-vent.ch\/index.php\/wp-json\/wp\/v2\/types\/page"}],"author":[{"embeddable":true,"href":"https:\/\/www.les-travers-du-vent.ch\/index.php\/wp-json\/wp\/v2\/users\/1"}],"replies":[{"embeddable":true,"href":"https:\/\/www.les-travers-du-vent.ch\/index.php\/wp-json\/wp\/v2\/comments?post=13"}],"version-history":[{"count":5,"href":"https:\/\/www.les-travers-du-vent.ch\/index.php\/wp-json\/wp\/v2\/pages\/13\/revisions"}],"predecessor-version":[{"id":971,"href":"https:\/\/www.les-travers-du-vent.ch\/index.php\/wp-json\/wp\/v2\/pages\/13\/revisions\/971"}],"wp:attachment":[{"href":"https:\/\/www.les-travers-du-vent.ch\/index.php\/wp-json\/wp\/v2\/media?parent=13"}],"curies":[{"name":"wp","href":"https:\/\/api.w.org\/{rel}","templated":true}]}}

Comité

<p>Comité:</p>
<p>Président: Thierry Ray<br />
Secrétaire: Alain Stoller<br />
Trésorière: Marie-France Perrin<br />
Assesseur:  Michel Fior</p>
<p>Pour joindre le comité : <a href="mailto:info@les-travers-du-vent.ch" target="_blank" rel="noopener"><strong>info@les-travers-du-vent.ch</strong></a></p>

<p>Comité: Président: Thierry Ray Secrétaire: Alain Stoller Trésorière: Marie-France Perrin Assesseur:  Michel Fior Pour joindre le comité : info@les-travers-du-vent.ch</p>
