{"id":15,"date":"2016-03-10T15:52:21","date_gmt":"2016-03-10T15:52:21","guid":{"rendered":"http:\/\/www.les-travers-du-vent.ch\/?p=15"},"modified":"2022-03-17T08:09:49","modified_gmt":"2022-03-17T08:09:49","slug":"adhesion","status":"publish","type":"page","link":"https:\/\/www.les-travers-du-vent.ch\/index.php\/adhesion\/","title":{"rendered":"Adh\u00e9sion"},"content":{"rendered":"<p>L&rsquo;adh\u00e9sion se fait par e-mail \u00e0: <a href=\"mailto:info@les-travers-du-vent.ch\" target=\"_blank\" rel=\"noopener\">info@les-travers-du-vent.ch<\/a><\/p>\n<p>Cotisations annuelles :<\/p>\n<p><strong>Personnes physiques\u00a0:<\/strong><\/p>\n<ul>\n<li>Membre actif: 50.-<\/li>\n<li>Membre soutien: minimum 100.-<\/li>\n<\/ul>\n<p><strong>Personnes morales\u00a0:<\/strong><\/p>\n<ul>\n<li>Membre soutien: 50.-<\/li>\n<li>Membre bienfaiteur: minimum 200.-<\/li>\n<\/ul>\n","protected":false},"excerpt":{"rendered":"<p>L&rsquo;adh\u00e9sion se fait par e-mail \u00e0: info@les-travers-du-vent.ch Cotisations annuelles : Personnes physiques\u00a0: Membre actif: 50.- Membre soutien: minimum 100.- Personnes morales\u00a0: Membre soutien: 50.- Membre bienfaiteur: minimum 200.-<\/p>\n","protected":false},"author":1,"featured_media":0,"parent":0,"menu_order":0,"comment_status":"open","ping_status":"open","template":"","meta":{"footnotes":""},"class_list":["post-15","page","type-page","status-publish","hentry"],"_links":{"self":[{"href":"https:\/\/www.les-travers-du-vent.ch\/index.php\/wp-json\/wp\/v2\/pages\/15","targetHints":{"allow":["GET"]}}],"collection":[{"href":"https:\/\/www.les-travers-du-vent.ch\/index.php\/wp-json\/wp\/v2\/pages"}],"about":[{"href":"https:\/\/www.les-travers-du-vent.ch\/index.php\/wp-json\/wp\/v2\/types\/page"}],"author":[{"embeddable":true,"href":"https:\/\/www.les-travers-du-vent.ch\/index.php\/wp-json\/wp\/v2\/users\/1"}],"replies":[{"embeddable":true,"href":"https:\/\/www.les-travers-du-vent.ch\/index.php\/wp-json\/wp\/v2\/comments?post=15"}],"version-history":[{"count":7,"href":"https:\/\/www.les-travers-du-vent.ch\/index.php\/wp-json\/wp\/v2\/pages\/15\/revisions"}],"predecessor-version":[{"id":919,"href":"https:\/\/www.les-travers-du-vent.ch\/index.php\/wp-json\/wp\/v2\/pages\/15\/revisions\/919"}],"wp:attachment":[{"href":"https:\/\/www.les-travers-du-vent.ch\/index.php\/wp-json\/wp\/v2\/media?parent=15"}],"curies":[{"name":"wp","href":"https:\/\/api.w.org\/{rel}","templated":true}]}}

Adhésion

<p>L&rsquo;adhésion se fait par e-mail à: <a href="mailto:info@les-travers-du-vent.ch" target="_blank" rel="noopener">info@les-travers-du-vent.ch</a></p>
<p>Cotisations annuelles :</p>
<p><strong>Personnes physiques :</strong></p>
<ul>
<li>Membre actif: 50.-</li>
<li>Membre soutien: minimum 100.-</li>
</ul>
<p><strong>Personnes morales :</strong></p>
<ul>
<li>Membre soutien: 50.-</li>
<li>Membre bienfaiteur: minimum 200.-</li>
</ul>

<p>L&rsquo;adhésion se fait par e-mail à: info@les-travers-du-vent.ch Cotisations annuelles : Personnes physiques : Membre actif: 50.- Membre soutien: minimum 100.- Personnes morales : Membre soutien: 50.- Membre bienfaiteur: minimum 200.-</p>
