{"id":215,"date":"2016-04-25T10:44:34","date_gmt":"2016-04-25T10:44:34","guid":{"rendered":"http:\/\/www.les-travers-du-vent.ch\/?page_id=215"},"modified":"2017-01-25T12:29:36","modified_gmt":"2017-01-25T12:29:36","slug":"paysages-menaces","status":"publish","type":"page","link":"https:\/\/www.les-travers-du-vent.ch\/index.php\/paysages-menaces\/","title":{"rendered":"Paysages menac\u00e9s"},"content":{"rendered":"<p>Combien de parcs \u00e9oliens sont-ils pr\u00e9vus dans le Val-de-Travers? quel est l&rsquo;effet sur le paysage? quels sont les dangers pour l&rsquo;environnement? les r\u00e9ponses \u00e0 vos questions dans ce menu.<\/p>\n","protected":false},"excerpt":{"rendered":"<p>Combien de parcs \u00e9oliens sont-ils pr\u00e9vus dans le Val-de-Travers? quel est l&rsquo;effet sur le paysage? quels sont les dangers pour l&rsquo;environnement? les r\u00e9ponses \u00e0 vos questions dans ce menu.<\/p>\n","protected":false},"author":1,"featured_media":0,"parent":0,"menu_order":0,"comment_status":"closed","ping_status":"closed","template":"","meta":{"footnotes":""},"class_list":["post-215","page","type-page","status-publish","hentry"],"_links":{"self":[{"href":"https:\/\/www.les-travers-du-vent.ch\/index.php\/wp-json\/wp\/v2\/pages\/215","targetHints":{"allow":["GET"]}}],"collection":[{"href":"https:\/\/www.les-travers-du-vent.ch\/index.php\/wp-json\/wp\/v2\/pages"}],"about":[{"href":"https:\/\/www.les-travers-du-vent.ch\/index.php\/wp-json\/wp\/v2\/types\/page"}],"author":[{"embeddable":true,"href":"https:\/\/www.les-travers-du-vent.ch\/index.php\/wp-json\/wp\/v2\/users\/1"}],"replies":[{"embeddable":true,"href":"https:\/\/www.les-travers-du-vent.ch\/index.php\/wp-json\/wp\/v2\/comments?post=215"}],"version-history":[{"count":2,"href":"https:\/\/www.les-travers-du-vent.ch\/index.php\/wp-json\/wp\/v2\/pages\/215\/revisions"}],"predecessor-version":[{"id":483,"href":"https:\/\/www.les-travers-du-vent.ch\/index.php\/wp-json\/wp\/v2\/pages\/215\/revisions\/483"}],"wp:attachment":[{"href":"https:\/\/www.les-travers-du-vent.ch\/index.php\/wp-json\/wp\/v2\/media?parent=215"}],"curies":[{"name":"wp","href":"https:\/\/api.w.org\/{rel}","templated":true}]}}