{"id":256,"date":"2016-06-04T14:47:40","date_gmt":"2016-06-04T14:47:40","guid":{"rendered":"http:\/\/www.les-travers-du-vent.ch\/?page_id=256"},"modified":"2024-04-19T05:19:04","modified_gmt":"2024-04-19T05:19:04","slug":"opposition","status":"publish","type":"page","link":"https:\/\/www.les-travers-du-vent.ch\/index.php\/opposition\/","title":{"rendered":"Oppositions"},"content":{"rendered":"\n<p>Ce menu vous informe o\u00f9 en est la proc\u00e9dure contre le projet de m\u00e9ga-centrale \u00e9olienne de la Montagne de Buttes. Pour plus d&rsquo;information, vous pouvez contacter notre comit\u00e9. <\/p>\n","protected":false},"excerpt":{"rendered":"<p>Ce menu vous informe o\u00f9 en est la proc\u00e9dure contre le projet de m\u00e9ga-centrale \u00e9olienne de la Montagne de Buttes. Pour plus d&rsquo;information, vous pouvez contacter notre comit\u00e9.<\/p>\n","protected":false},"author":1,"featured_media":0,"parent":0,"menu_order":0,"comment_status":"closed","ping_status":"closed","template":"","meta":{"footnotes":""},"class_list":["post-256","page","type-page","status-publish","hentry"],"_links":{"self":[{"href":"https:\/\/www.les-travers-du-vent.ch\/index.php\/wp-json\/wp\/v2\/pages\/256","targetHints":{"allow":["GET"]}}],"collection":[{"href":"https:\/\/www.les-travers-du-vent.ch\/index.php\/wp-json\/wp\/v2\/pages"}],"about":[{"href":"https:\/\/www.les-travers-du-vent.ch\/index.php\/wp-json\/wp\/v2\/types\/page"}],"author":[{"embeddable":true,"href":"https:\/\/www.les-travers-du-vent.ch\/index.php\/wp-json\/wp\/v2\/users\/1"}],"replies":[{"embeddable":true,"href":"https:\/\/www.les-travers-du-vent.ch\/index.php\/wp-json\/wp\/v2\/comments?post=256"}],"version-history":[{"count":3,"href":"https:\/\/www.les-travers-du-vent.ch\/index.php\/wp-json\/wp\/v2\/pages\/256\/revisions"}],"predecessor-version":[{"id":972,"href":"https:\/\/www.les-travers-du-vent.ch\/index.php\/wp-json\/wp\/v2\/pages\/256\/revisions\/972"}],"wp:attachment":[{"href":"https:\/\/www.les-travers-du-vent.ch\/index.php\/wp-json\/wp\/v2\/media?parent=256"}],"curies":[{"name":"wp","href":"https:\/\/api.w.org\/{rel}","templated":true}]}}

<p>Ce menu vous informe où en est la procédure contre le projet de méga-centrale éolienne de la Montagne de Buttes. Pour plus d&rsquo;information, vous pouvez contacter notre comité. </p>

<p>Ce menu vous informe où en est la procédure contre le projet de méga-centrale éolienne de la Montagne de Buttes. Pour plus d&rsquo;information, vous pouvez contacter notre comité.</p>
