{"id":82,"date":"2016-03-11T12:13:47","date_gmt":"2016-03-11T12:13:47","guid":{"rendered":"http:\/\/www.les-travers-du-vent.ch\/?p=82"},"modified":"2016-04-25T10:52:58","modified_gmt":"2016-04-25T10:52:58","slug":"derriere-le-reve-la-realite","status":"publish","type":"page","link":"https:\/\/www.les-travers-du-vent.ch\/index.php\/derriere-le-reve-la-realite\/","title":{"rendered":"Derri\u00e8re le r\u00eave, la r\u00e9alit\u00e9"},"content":{"rendered":"<p>Les \u00e9oliennes nous sont souvent vendues comme de belles fleurs qui viendront enbellir nos paysages&#8230; Qu&rsquo;en est-il vraiment? Tout le contraire.<\/p>\n<p>Voici pour preuve les images du massacre que constitue un parc \u00e9olien:<\/p>\n<p><a href=\"http:\/\/www.les-travers-du-vent.ch\/wp-content\/uploads\/2016\/03\/MASSACRE_PC_20100504.pdf\" target=\"_blank\" rel=\"\">MASSACRE_PC_20100504<\/a><\/p>\n<p>Il est fini le temps des petites \u00e9oliennes qui s&rsquo;int\u00e8graient plus ou moins dans le paysage. D\u00e9sormais, les machines pr\u00e9vues font entre 180 et 210 m\u00e8tres de haut. La g\u00e9n\u00e9ration des turbines\u00a0 de 300 m\u00e8tres nous est promise pour bient\u00f4t.<\/p>\n<h2><strong>Le parc pr\u00e9vu au Mont de Buttes, c&rsquo;est 19 fois \u00e7a:<\/strong><\/h2>\n<p><img loading=\"lazy\" decoding=\"async\" class=\"alignnone size-full wp-image-26\" src=\"http:\/\/www.les-travers-du-vent.ch\/wp-content\/uploads\/2016\/03\/Fleurier_Val_de_Travers-1.jpg\" alt=\"Fleurier_Val_de_Travers\" width=\"827\" height=\"583\" srcset=\"https:\/\/www.les-travers-du-vent.ch\/wp-content\/uploads\/2016\/03\/Fleurier_Val_de_Travers-1.jpg 827w, https:\/\/www.les-travers-du-vent.ch\/wp-content\/uploads\/2016\/03\/Fleurier_Val_de_Travers-1-300x211.jpg 300w, https:\/\/www.les-travers-du-vent.ch\/wp-content\/uploads\/2016\/03\/Fleurier_Val_de_Travers-1-768x541.jpg 768w\" sizes=\"auto, (max-width: 706px) 89vw, (max-width: 767px) 82vw, 740px\" \/><\/p>\n<h2>&#8230; Et 19 fois des risques marqu\u00e9s pour les riverains. En voici une preuve r\u00e9cente:<\/h2>\n<p><iframe loading=\"lazy\" title=\"Une \u00e9olienne prend feu et s\u2019effondre (Pologne)\" width=\"525\" height=\"295\" src=\"https:\/\/www.youtube.com\/embed\/lY66uBWEsgY?feature=oembed\" frameborder=\"0\" allow=\"accelerometer; autoplay; clipboard-write; encrypted-media; gyroscope; picture-in-picture; web-share\" referrerpolicy=\"strict-origin-when-cross-origin\" allowfullscreen><\/iframe><\/p>\n<p>&#8230; sans parler des risques de chute de glace qui rendent un large p\u00e9rim\u00e8tre impraticables 6 mois par ann\u00e9e. Jean-Daniel Tschan, Pr\u00e9sident de l&rsquo;association Librevent, est interview\u00e9 au pied des \u00e9oliennes et manque d\u2019\u00eatre atteint par la projection d&rsquo;un bloc de glace. Les \u00e9oliennes du Peuchapatte sont pourtant munies d&rsquo;un syst\u00e8me de d\u00e9givrage des pales.<\/p>\n<p><iframe loading=\"lazy\" title=\"Projections de glace des \u00e9oliennes du Peuchapatte\" width=\"525\" height=\"295\" src=\"https:\/\/www.youtube.com\/embed\/I6XboNjK5jA?feature=oembed\" frameborder=\"0\" allow=\"accelerometer; autoplay; clipboard-write; encrypted-media; gyroscope; picture-in-picture; web-share\" referrerpolicy=\"strict-origin-when-cross-origin\" allowfullscreen><\/iframe><\/p>\n","protected":false},"excerpt":{"rendered":"<p>Les \u00e9oliennes nous sont souvent vendues comme de belles fleurs qui viendront enbellir nos paysages&#8230; Qu&rsquo;en est-il vraiment? Tout le contraire. Voici pour preuve les images du massacre que constitue un parc \u00e9olien: MASSACRE_PC_20100504 Il est fini le temps des petites \u00e9oliennes qui s&rsquo;int\u00e8graient plus ou moins dans le paysage. D\u00e9sormais, les machines pr\u00e9vues font &hellip; <\/p>\n<p class=\"link-more\"><a href=\"https:\/\/www.les-travers-du-vent.ch\/index.php\/derriere-le-reve-la-realite\/\" class=\"more-link\">Continuer la lecture<span class=\"screen-reader-text\"> de &laquo;&nbsp;Derri\u00e8re le r\u00eave, la r\u00e9alit\u00e9&nbsp;&raquo;<\/span><\/a><\/p>\n","protected":false},"author":1,"featured_media":0,"parent":0,"menu_order":0,"comment_status":"closed","ping_status":"closed","template":"","meta":{"footnotes":""},"class_list":["post-82","page","type-page","status-publish","hentry"],"_links":{"self":[{"href":"https:\/\/www.les-travers-du-vent.ch\/index.php\/wp-json\/wp\/v2\/pages\/82","targetHints":{"allow":["GET"]}}],"collection":[{"href":"https:\/\/www.les-travers-du-vent.ch\/index.php\/wp-json\/wp\/v2\/pages"}],"about":[{"href":"https:\/\/www.les-travers-du-vent.ch\/index.php\/wp-json\/wp\/v2\/types\/page"}],"author":[{"embeddable":true,"href":"https:\/\/www.les-travers-du-vent.ch\/index.php\/wp-json\/wp\/v2\/users\/1"}],"replies":[{"embeddable":true,"href":"https:\/\/www.les-travers-du-vent.ch\/index.php\/wp-json\/wp\/v2\/comments?post=82"}],"version-history":[{"count":9,"href":"https:\/\/www.les-travers-du-vent.ch\/index.php\/wp-json\/wp\/v2\/pages\/82\/revisions"}],"predecessor-version":[{"id":218,"href":"https:\/\/www.les-travers-du-vent.ch\/index.php\/wp-json\/wp\/v2\/pages\/82\/revisions\/218"}],"wp:attachment":[{"href":"https:\/\/www.les-travers-du-vent.ch\/index.php\/wp-json\/wp\/v2\/media?parent=82"}],"curies":[{"name":"wp","href":"https:\/\/api.w.org\/{rel}","templated":true}]}}